. Let l(z) = 9*z + z - 10 + 47*z**3 - 10*z**2 - 46*z**3. Determine l(b).
-1
Let o(x) = x - 1. Suppose 3*q - 26 = -8. Let c(d) = d**3 - 7*d**2 + 2*d - 10. Let z be c(7). Suppose -2*s = -z*s - q. Calculate o(s).
-4
Let n be ((-326)/(-5) - -1) + (-147)/735. Let f = n - 73. Let v(l) = l**2 + 9*l + 3. Calculate v(f).
-11
Let b = 10 - 6. Suppose -5*u + 4 = 3*c - 8, -3*u = b*c - 16. Let p be (-2)/((-6)/15) + u. Let o(g) = g**2 - 7*g + 2. What is o(p)?
-8
Let n be (1 - 4)*(-3)/(-6 + 3). Let o(k) = 3*k + 1. Calculate o(n).
-8
Let p(i) = i**3 - 4*i**2 + 2*i + 2. Let k(q) = -3*q**3 + 10*q**2 - 4*q - 5. Let u(g) = -2*k(g) - 5*p(g). Let c = 6 + -3. Give u(c).
21
Let f(u) = u**2 + 4*u + 4. Let x(v) = v**3 + 20*v**2 - 98*v - 48. Let d be x(-24). Give f(d).
4
Let k(r) = -r**2 - 6*r + 3. Let z(s) = 4*s + 2. Let t be z(2). Let j = t - 17. Calculate k(j).
-4
Let c(v) = -v**2 + 24*v - 65. Let k(b) = 2*b**2 - 46*b + 129. Let d(x) = -7*c(x) - 4*k(x). Calculate d(10).
-1
Let o = -6 + 9. Let n(k) = 6*k**2 + o + k**3 + 2*k + k - 7. What is n(-5)?
6
Let h be 2/20*6 - 148/(-20). Suppose -2*q + 5*q + h = -2*b, -11 = 3*b + 4*q. Let r(z) = -z**3 + z**2. Give r(b).
2
Let d = 36 - 31. Suppose 3*b + d*g - 7 = 0, -5*b + 2*g - 22 - 18 = 0. Let a(t) = -4*t**2 + 7*t + 0*t**2 + 3*t**2 - 13*t - 4. Calculate a(b).
-4
Let b(t) be the first derivative of 5/2*t**2 + 1/4*t**4 + 11 - 2*t - 7/3*t**3. Determine b(6).
-8
Suppose 7*f - 6*f = -q + 26, -4*f - 57 = -3*q. Suppose -9*l = -5*l - 5*n + q, 16 = -2*l - 2*n. Let u(t) = t**3 + 8*t**2 + 5*t + 7. What is u(l)?
21
Let i(a) = -3*a - 29. Let b be i(-8). Let c be -5 - (-4)/((-20)/b). Let v(y) = -y**3 - 5*y**2 - 5*y + 1. What is v(c)?
5
Let x(m) be the second derivative of 5/2*m**2 + 1/6*m**3 + 6*m + 0. Calculate x(-7).
-2
Suppose -3*q = -5*c + q + 894, -357 = -2*c + q. Let r(j) = c*j**3 + j - 177*j**3 - j. What is r(0)?
0
Let f(x) = -2*x + 5. Suppose 11*c - m + 31 = 16*c, -m + 3 = c. What is f(c)?
-9
Let y be (-8)/10 + (3 - (-343)/35). Let m be (4/6 - 0)*(-18)/y. Let w(i) = i**2 - i. Calculate w(m).
2
Suppose 7*h = -19*h + 468. Let w(t) = t**2 - 18*t. Determine w(h).
0
Let g(j) be the first derivative of -j**2/2 - 8*j - 230. Calculate g(-7).
-1
Let z(y) = -y**3 + 9*y**2 - 9*y + 1. Let q be (-1368)/(-99) + -1 + (-13)/(-11). Let i be 32/112 - (-108)/q. Give z(i).
-7
Suppose -9*o + 13*o = -28. Let b(m) = -m**2 - 9*m - 8. What is b(o)?
6
Let d be (-5)/30 - 242/(-12). Let n = 25 - d. Let y(i) = -6 - 8*i**2 + n + 1. What is y(1)?
-8
Let a(m) be the first derivative of -7*m**2 - 3*m - 38. Give a(-2).
25
Let v be (-3)/12 + (-31)/4. Let q(r) be the first derivative of -r**2 - 12*r + 379. Determine q(v).
4
Suppose -2*t + 4*t = 40. Let w = 40 - 66. Let y = t + w. Let j(d) = d**2 + 6*d + 3. What is j(y)?
3
Let h(r) = r**2 + 6*r - 5. Let j be (-23)/(-5) - (-6)/15. Let z = j - 10. Determine h(z).
-10
Suppose 0 = 4*m - 6*m + 58. Suppose -35 = -w - m. Let x(y) = y**2 - 8*y + 8. Determine x(w).
-4
Let c = 625 - 613. Let w(h) = -h - 11. Give w(c).
-23
Let l be 6/11 + 10374/(-627). Let z(s) = -s**3 - 16*s**2 + 2. Give z(l).
2
Let w(q) = q. Let h(c) = -5*c + 1. Let j(b) = h(b) + 4*w(b). Calculate j(7).
-6
Let v(t) be the second derivative of t**3/6 + t**2 - t. Let x(c) = c**2 + 9*c - 16. Suppose -4*a + 14*a = -110. Let g be x(a). Calculate v(g).
8
Let b(g) = 17*g + 16*g + 0*g**2 + 4*g**2 - 2061 + 2*g**3 + 2055 - 3*g**3. Calculate b(8).
2
Let p(v) be the first derivative of -v**2 - 8*v + 1 - 10 - v**2. Calculate p(-6).
16
Let j(k) = -k**2 - 6*k + 6. Let b be j(-6). Let v be 2/((-4 + b)/(-6)). Let i(s) be the first derivative of s**3/3 + 3*s**2 - 6*s + 2. Give i(v).
-6
Let o = 2 - 0. Let h(d) = -16*d - 5. Let t(f) = -15*f - 4. Let b(z) = 6*h(z) - 7*t(z). Calculate b(o).
16
Let x = 25 + -22. Suppose x*t = -3*t - 30. Let q(i) = -i**2 - 6*i - 2. What is q(t)?
3
Let i(a) = a**3 + 5*a**2 + 2*a - 2. Suppose -2*s + 129 = -5*s. Let j = s - -41. Calculate i(j).
6
Suppose 10 = -5*z, 3*z + 31 = 3*s - 2*z. Let g(p) = p**2 - 8*p - 2. What is g(s)?
-9
Let h(c) = 9*c - 11. Let a be h(6). Let u = a + -39. Let w(q) be the first derivative of -q**4/4 + 5*q**3/3 - 3*q**2/2 - 5*q - 1. What is w(u)?
-1
Suppose -2*d = -2*a - 0*d, 5*a - 18 = -4*d. Suppose -a*c + 4 + 2 = 0. Let z(k) = -k**3 + k**2 + 2*k + 1. What is z(c)?
-11
Let y be (-10 - -1)/((-6)/30). Let t = y + -46. Let d(i) be the third derivative of 3*i**4/8 - i**3/6 + i**2. Determine d(t).
-10
Let d be -6*(-6 - 85/(-15)). Let k(p) = -p**3 + 6*p - 3. Calculate k(d).
1
Let r(d) = d**2 - 4*d - 2. Let f(q) = q**2 - 3*q - 1. Let o be f(-2). Let p(h) = -5*h - o - 429*h**2 - 3*h + 428*h**2. Let z be p(-6). Determine r(z).
-5
Let m = 12 - 5. Let x(i) = -10*i**3 - 2*i**2 + 4*i + 2. Let u(h) = -20*h**3 - 5*h**2 + 9*h + 5. Let d(c) = m*x(c) - 3*u(c). Calculate d(1).
-9
Suppose 0 = 3*b - 3*w - 3, b - 2*w + 4 = 3. Suppose -3*o + 24 = b*g, 5*g - 2 = 2*o + g. Let q(d) = 4 + d - 2 - 4. Calculate q(o).
3
Let x(r) = -r**3 - 8*r**2 - 5*r - 6. Suppose -39 = 3*p - 20*t + 23*t, -p + 3*t = -7. Calculate x(p).
34
Let k(j) = 37*j**2 + 3*j + 23. Let o(d) = 13*d**2 + d + 8. Let i(y) = 6*k(y) - 17*o(y). Calculate i(0).
2
Let y(p) = -p - 13. Let d be y(-10). Let x(g) = g**2 + 9*g + 20. What is x(d)?
2
Let i(k) = 7 + 8511*k - 4256*k - 4252*k. What is i(3)?
16
Suppose -3*p + 4*y + 44 = 0, y - 52 = -5*p - 3*y. Suppose -16*h = -p*h + 8. Let m(i) = -i**2 + 2*i + 1. What is m(h)?
-7
Let m be (-378)/(-90) - (-12)/(-10). Let a(o) be the second derivative of 1/3*o**4 + 5*o + 1/10*o**5 + 1/6*o**m + 0 - o**2. Determine a(-2).
-4
Let w(z) = -2*z**2 + z + 1. Let h(s) = 7*s - 2. Let j be h(-1). Let d be ((-3)/j)/((-2)/(-18)). What is w(d)?
-14
Let g(q) = -64*q - 3 + 32*q + 4*q**2 + 34*q + 1. What is g(-2)?
10
Let w(t) = 16 + 5*t - 58*t**2 + 120*t**2 - 63*t**2. What is w(7)?
2
Let a(l) = -l**3 + 5*l**2 + 7*l - 8. Let j be a(6). Let v(g) be the third derivative of 0 - g**2 + 1/2*g**3 + 0*g + 5/24*g**4. Give v(j).
-7
Let n be (-6)/3*5/(-2). Let m(g) = 3*g**2 + 5*g + 24. Let b(j) = -j**2 - j + 1. Let h(x) = -2*b(x) - m(x). Let v(l) be the first derivative of h(l). Give v(n).
-13
Let a(w) be the third derivative of -11*w**5/60 + w**4/6 + 5*w**3/6 - 9*w**2. Let x(q) = q**2 - q - 1. Let v(u) = -a(u) - 5*x(u). Calculate v(-1).
5
Let u(y) be the third derivative of y**4/24 + 5*y**3/6 - 661*y**2. Calculate u(-7).
-2
Let h = -308 + 306. Let k = 13 + -6. Let m(o) = -1 - 4 - k*o + 2. What is m(h)?
11
Let p be 3476/16 - (-2)/(-8). Suppose 10*f = 3*f + p. Let i = f - 34. Let k(r) = r**3 + 5*r**2 + 4*r - 1. Give k(i).
5
Let v(z) = 3*z**3 + z**2 - 7*z + 3. Let i(g) = g**3 + g**2 - 1. Let c = 1 - 3. Let q(s) = c*i(s) + v(s). Give q(4).
25
Let s(r) = r. Suppose 4*j - 11 = -3*u, 0*j + 2*j - 3 = -u. Suppose -u*h = 2*l - 17 - 1, 18 = 5*l - h. Suppose -v = l*v. What is s(v)?
0
Let m = -45 + 71. Suppose -5 = 2*l + 3*l, 5*z + 4*l = m. Let k(n) = -4*n + 4*n - 6 - n - z*n - n**2. Determine k(-5).
4
Let k = -31 + 35. Suppose k*r - r = 15. Let c(h) = -h**3 + 6*h**2 - 6*h. Give c(r).
-5
Let o(z) = -z**2 + 6*z + 17. Let g be 16 - ((-35)/7 - -12). Determine o(g).
-10
Let b(r) = -r**2 - 9*r + 7. Let o be b(-9). Let s(q) = -16*q**3 + 4*q**2 + 4*q - 8. Let j(c) = 5*c**3 + c**2 - c + 1. Let v(m) = 3*j(m) + s(m). Calculate v(o).
2
Let n(j) = 0 - 2*j - 11 + 17 - 9 - 1. Determine n(-4).
4
Suppose 0 = -4*j - 3*s + 26, -5*j + 10 = 5*s - 25. Let b(h) = 2*h**2 - 8*h + 2. What is b(j)?
12
Suppose 4*h - 5 = -3*c, h - 2*c - 5 = c. Suppose t - u - h = 4, -2*u + 30 = 5*t. Let o(r) = r**2 - 6*r - 3. Calculate o(t).
-3
Let w(c) = -9*c + 51. Let k be w(5). Let r(p) = p**2 - 7*p + 6. Calculate r(k).
0
Let f(q) = q**3 - 4*q**2 + 2*q. Let r(n) = 0 + 2*n**2 + 8*n**2 - 3*n - 5*n**2 + 1. Let v be r(1). Determine f(v).
-3
Suppose 105*m - 66 = 459. Let n(u) = -u**2 + u + 8. What is n(m)?
-12
Let m(d) = -3*d. Suppose 16 = -4*h + 4*o, 5*h + 5*o + 84 = 34. Determine m(h).
21
Let l = -27 - -14. Let u(f) = 35*f + 49. Let j(p) = -9*p - 12. Let b(s) = -9*j(s) - 2*u(s). Let x(t) = -5*t - 5. Let d(m) = l*x(m) - 6*b(m). What is d(4)?
1
Let h(w) = -w**2 - 8*w + 1. Let s(r) be the second derivative of -r**3/3 - 39*r**2/2 + 4*r. Let u be s(-16). What is h(u)?
8
Suppose 10*p - 12*p = 4, i + p = -2. Let r(k) = k**3 + k**2 - k + 27. Dete